{"id":160,"date":"2014-05-26T15:08:05","date_gmt":"2014-05-26T15:08:05","guid":{"rendered":"http:\/\/splet.co\/?page_id=160"},"modified":"2015-11-04T08:58:57","modified_gmt":"2015-11-04T08:58:57","slug":"spletne-strani","status":"publish","type":"page","link":"http:\/\/splet.co\/?page_id=160","title":{"rendered":"Spletne strani"},"content":{"rendered":"<p><div class=\"et_pb_section et_section_specialty\" style='background-color:#93c054;'>\n\t\t\t\n\t\t\t<div class=\"et_pb_row\">\n\t\t\t\t\n\t\t\t\t<div class=\"et_pb_column et_pb_column_1_2\">\n\t\t\t<div class=\"et_pb_row_inner\">\n\t\t\t<div class=\"et_pb_column et_pb_column_4_4 et_pb_column_inner\">\n\t\t\t<div class=\"et_pb_text et_pb_bg_layout_dark et_pb_text_align_left\">\n\t\t\t\n<h1>VRHUNSKA SPLETNA STRAN<\/h1>\n<h2><strong>BREZ OMEJITEV!<\/strong> \u017dE OD<strong> 195<span class=\"st\">\u20ac<\/span>!<\/strong><\/h2>\n\n\t\t<\/div> <!-- .et_pb_text -->\n\t\t<\/div> <!-- .et_pb_column -->\n\t\t<\/div> <!-- .et_pb_row_inner --><div class=\"et_pb_row_inner\">\n\t\t\t<div class=\"et_pb_column et_pb_column_1_4 et_pb_column_inner\">\n\t\t\t<div class=\"et_pb_text et_pb_bg_layout_dark et_pb_text_align_left\">\n\t\t\t\n<ul>\n<li><strong>Z neomejenim dostopom,<\/strong><\/li>\n<li><strong>Brez mese\u010dne naro\u010dnine,<\/strong><\/li>\n<li><strong>Brez omejevanja \u0161tevila podstrani, galerij in zavihkov,<br \/>\n<\/strong><\/li>\n<li><strong><strong>Z enoletnim brezpla\u010dnim gostovanjem!<\/strong> <\/strong><\/li>\n<\/ul>\n\n\t\t<\/div> <!-- .et_pb_text -->\n\t\t<\/div> <!-- .et_pb_column --><div class=\"et_pb_column et_pb_column_1_4 et_pb_column_inner\">\n\t\t\t<div class=\"et_pb_text et_pb_bg_layout_dark et_pb_text_align_left\">\n\t\t\t\n<ul>\n<li><strong>100% nadgradljivo!<\/strong><\/li>\n<li><strong>Samostojno urejanje vsebin!<\/strong><\/li>\n<li><strong>Iskalnikom in mobilnikom prijazno! <\/strong><\/li>\n<li><strong>Na sodobni in zanesljivi WP platformi!<\/strong><\/li>\n<\/ul>\n\n\t\t<\/div> <!-- .et_pb_text -->\n\t\t<\/div> <!-- .et_pb_column -->\n\t\t<\/div> <!-- .et_pb_row_inner --><div class=\"et_pb_row_inner\">\n\t\t\t<div class=\"et_pb_column et_pb_column_4_4 et_pb_column_inner\">\n\t\t\t<div class=\"et_pb_promo et_pb_bg_layout_dark et_pb_text_align_left et_pb_no_bg\">\n\t\t\t<div class=\"et_pb_promo_description\">\n\t\t\t\t\n\t\t\t\t\n\t\t\t<\/div>\n\t\t\t<a class=\"et_pb_promo_button\" href=\"http:\/\/splet.co\/\">ZAHTEVAJTE PONUDBO!<\/a>\n\t\t<\/div>\n\t\t<\/div> <!-- .et_pb_column -->\n\t\t<\/div> <!-- .et_pb_row_inner -->\n\t\t<\/div> <!-- .et_pb_column --><div class=\"et_pb_column et_pb_column_1_2\">\n\t\t\t<img decoding=\"async\" src=\"http:\/\/splet.co\/wp-content\/uploads\/2014\/05\/spletne-strani1.png\" alt=\"\" class=\"et-waypoint et_pb_image et_pb_animation_left\" \/>\n\t\t<\/div> <!-- .et_pb_column -->\n\t\t\t<\/div> <!-- .et_pb_row -->\n\t\t<\/div> <!-- .et_pb_section --><div class=\"et_pb_section et_section_regular\" style='background-color:#ccc9b7;'>\n\t\t\t\n\t\t\t\n\t\t\t\t\n\t\t\t\t<div class=\"et_pb_row\">\n\t\t\t<div class=\"et_pb_column et_pb_column_4_4\">\n\t\t\t<div class=\"et_pb_text et_pb_bg_layout_dark et_pb_text_align_center\">\n\t\t\t\n<h2>STANDARDNE FUNKCIONALNOSTI<\/h2>\n\n\t\t<\/div> <!-- .et_pb_text -->\n\t\t<\/div> <!-- .et_pb_column -->\n\t\t<\/div> <!-- .et_pb_row --><div class=\"et_pb_row\">\n\t\t\t<div class=\"et_pb_column et_pb_column_1_4\">\n\t\t\t<div class=\"et_pb_blurb et_pb_bg_layout_light et_pb_text_align_center et_pb_blurb_position_top\">\n\t\t\t<div class=\"et_pb_blurb_content\">\n\t\t\t\t<div class=\"et_pb_main_blurb_image\"><img decoding=\"async\" src=\"http:\/\/splet.co\/wp-content\/uploads\/2014\/05\/prijazno-mobilnikom.png\" alt=\"\" class=\"et-waypoint et_pb_animation_top\" \/><\/div>\n\t\t\t\t<h4>PRILAGODLJIV DIZAJN<\/h4>\n\t\t\t\t\n<p>Odli\u010dnen prikaz spletne strani tako na ra\u010dunalni\u0161kih zaslonih, kot tudi na pametnih telefonih in tabli\u010dnih ra\u010dunalnikih.<\/p>\n\n\t\t\t<\/div> <!-- .et_pb_blurb_content -->\n\t\t<\/div> <!-- .et_pb_blurb -->\n\t\t<\/div> <!-- .et_pb_column --><div class=\"et_pb_column et_pb_column_1_4\">\n\t\t\t<div class=\"et_pb_blurb et_pb_bg_layout_light et_pb_text_align_center et_pb_blurb_position_top\">\n\t\t\t<div class=\"et_pb_blurb_content\">\n\t\t\t\t<div class=\"et_pb_main_blurb_image\"><img decoding=\"async\" src=\"http:\/\/splet.co\/wp-content\/uploads\/2014\/05\/blog.png\" alt=\"\" class=\"et-waypoint et_pb_animation_top\" \/><\/div>\n\t\t\t\t<h4>NOVICE &amp; BLOG<\/h4>\n\t\t\t\t\n<p>Enostavno objavljanje novic z mo\u017enostjo kategorizacije, arhiviranja in komentiranja s strani obiskovalcev.<\/p>\n\n\t\t\t<\/div> <!-- .et_pb_blurb_content -->\n\t\t<\/div> <!-- .et_pb_blurb -->\n\t\t<\/div> <!-- .et_pb_column --><div class=\"et_pb_column et_pb_column_1_4\">\n\t\t\t<div class=\"et_pb_blurb et_pb_bg_layout_light et_pb_text_align_center et_pb_blurb_position_top\">\n\t\t\t<div class=\"et_pb_blurb_content\">\n\t\t\t\t<div class=\"et_pb_main_blurb_image\"><img decoding=\"async\" src=\"http:\/\/splet.co\/wp-content\/uploads\/2014\/05\/multimedija1.png\" alt=\"\" class=\"et-waypoint et_pb_animation_top\" \/><\/div>\n\t\t\t\t<h4>MULTIMEDIJSKE VSEBINE<\/h4>\n\t\t\t\t\n<p>Standardne vsebine je mogo\u010de obogatiti s slikami, galerijami, video in audio vsebinami ter jih tako narediti bolj privla\u010dne.<\/p>\n<p>&nbsp;<\/p>\n\n\t\t\t<\/div> <!-- .et_pb_blurb_content -->\n\t\t<\/div> <!-- .et_pb_blurb -->\n\t\t<\/div> <!-- .et_pb_column --><div class=\"et_pb_column et_pb_column_1_4\">\n\t\t\t<div class=\"et_pb_blurb et_pb_bg_layout_light et_pb_text_align_center et_pb_blurb_position_top\">\n\t\t\t<div class=\"et_pb_blurb_content\">\n\t\t\t\t<div class=\"et_pb_main_blurb_image\"><img decoding=\"async\" src=\"http:\/\/splet.co\/wp-content\/uploads\/2014\/05\/optimizacija.png\" alt=\"\" class=\"et-waypoint et_pb_animation_top\" \/><\/div>\n\t\t\t\t<h4>SEO OPTIMIZACIJA<\/h4>\n\t\t\t\t\n<p>Takoj\u0161nje indeksiranje objav s strani Googla in iskalnikom prijazni URL naslovi so podlaga za dobre uvrstitve v iskalnikih.<\/p>\n\n\t\t\t<\/div> <!-- .et_pb_blurb_content -->\n\t\t<\/div> <!-- .et_pb_blurb -->\n\t\t<\/div> <!-- .et_pb_column -->\n\t\t<\/div> <!-- .et_pb_row -->\n\t\t\t\n\t\t<\/div> <!-- .et_pb_section --><div class=\"et_pb_section et_section_regular\" style='background-color:#15b0bf;'>\n\t\t\t\n\t\t\t\n\t\t\t\t\n\t\t\t\t<div class=\"et_pb_row\">\n\t\t\t<div class=\"et_pb_column et_pb_column_4_4\">\n\t\t\t<div class=\"et_pb_text et_pb_bg_layout_dark et_pb_text_align_center\">\n\t\t\t\n<h2>DODATNE MO\u017dNOSTI<\/h2>\n<p>&nbsp;<\/p>\n\n\t\t<\/div> <!-- .et_pb_text -->\n\t\t<\/div> <!-- .et_pb_column -->\n\t\t<\/div> <!-- .et_pb_row --><div class=\"et_pb_row\">\n\t\t\t<div class=\"et_pb_column et_pb_column_1_4\">\n\t\t\t<div class=\"et_pb_blurb et_pb_bg_layout_dark et_pb_text_align_left et_pb_blurb_position_left\">\n\t\t\t<div class=\"et_pb_blurb_content\">\n\t\t\t\t<div class=\"et_pb_main_blurb_image\"><span class=\"et-pb-icon et-waypoint et_pb_animation_top et-pb-icon-circle\" style=\"color: #2c5871; background-color: #ffffff;\">\ue056<\/span><\/div>\n\t\t\t\t<h4>OBRAZCI<\/h4>\n\t\t\t\t\n<p>Neomejene mo\u017enosti spletnih in kontaktnih obrazcev po va\u0161i meri.<\/p>\n\n\t\t\t<\/div> <!-- .et_pb_blurb_content -->\n\t\t<\/div> <!-- .et_pb_blurb -->\n\t\t<\/div> <!-- .et_pb_column --><div class=\"et_pb_column et_pb_column_1_4\">\n\t\t\t<div class=\"et_pb_blurb et_pb_bg_layout_dark et_pb_text_align_left et_pb_blurb_position_left\">\n\t\t\t<div class=\"et_pb_blurb_content\">\n\t\t\t\t<div class=\"et_pb_main_blurb_image\"><span class=\"et-pb-icon et-waypoint et_pb_animation_top et-pb-icon-circle\" style=\"color: #a1b400; background-color: #ffffff;\">\ue081<\/span><\/div>\n\t\t\t\t<h4>ZEMLJEVID<\/h4>\n\t\t\t\t\n<p>Prikaz ve\u010dih lokacij na interaktivnem zemljevidu z mo\u017enostjo navodili za pot.<\/p>\n\n\t\t\t<\/div> <!-- .et_pb_blurb_content -->\n\t\t<\/div> <!-- .et_pb_blurb -->\n\t\t<\/div> <!-- .et_pb_column --><div class=\"et_pb_column et_pb_column_1_4\">\n\t\t\t<div class=\"et_pb_blurb et_pb_bg_layout_dark et_pb_text_align_left et_pb_blurb_position_left\">\n\t\t\t<div class=\"et_pb_blurb_content\">\n\t\t\t\t<div class=\"et_pb_main_blurb_image\"><span class=\"et-pb-icon et-waypoint et_pb_animation_top et-pb-icon-circle\" style=\"color: #fd6120; background-color: #ffffff;\">\ue06b<\/span><\/div>\n\t\t\t\t<h4>KOLEDAR<\/h4>\n\t\t\t\t\n<p>Napreden prikaz va\u0161ih aktivnosti, dogodkov ali izobra\u017eevanj.<\/p>\n<div class=\"et-pb-modal-bottom-container\"><\/div>\n\n\t\t\t<\/div> <!-- .et_pb_blurb_content -->\n\t\t<\/div> <!-- .et_pb_blurb -->\n\t\t<\/div> <!-- .et_pb_column --><div class=\"et_pb_column et_pb_column_1_4\">\n\t\t\t<div class=\"et_pb_blurb et_pb_bg_layout_dark et_pb_text_align_left et_pb_blurb_position_left\">\n\t\t\t<div class=\"et_pb_blurb_content\">\n\t\t\t\t<div class=\"et_pb_main_blurb_image\"><span class=\"et-pb-icon et-waypoint et_pb_animation_top et-pb-icon-circle\" style=\"color: #2dacb5; background-color: #ffffff;\">\ue0de<\/span><\/div>\n\t\t\t\t<h4>VE\u010cJEZI\u010cNOST<\/h4>\n\t\t\t\t\n<p>Dodatni jeziki so odli\u010dna izbira za vse, ki sodelujete s tujino.<\/p>\n\n\t\t\t<\/div> <!-- .et_pb_blurb_content -->\n\t\t<\/div> <!-- .et_pb_blurb -->\n\t\t<\/div> <!-- .et_pb_column -->\n\t\t<\/div> <!-- .et_pb_row --><div class=\"et_pb_row\">\n\t\t\t<div class=\"et_pb_column et_pb_column_1_4\">\n\t\t\t<div class=\"et_pb_blurb et_pb_bg_layout_dark et_pb_text_align_left et_pb_blurb_position_left\">\n\t\t\t<div class=\"et_pb_blurb_content\">\n\t\t\t\t<div class=\"et_pb_main_blurb_image\"><span class=\"et-pb-icon et-waypoint et_pb_animation_top et-pb-icon-circle\" style=\"color: #fd6120; background-color: #ffffff;\">\ue089<\/span><\/div>\n\t\t\t\t<h4>OBLIKOVANJE<\/h4>\n\t\t\t\t\n<p>Nudimo unikatno spletno in grafi\u010dno oblikovanje. Obrnite se na nas z va\u0161imi \u017eeljami.<\/p>\n\n\t\t\t<\/div> <!-- .et_pb_blurb_content -->\n\t\t<\/div> <!-- .et_pb_blurb -->\n\t\t<\/div> <!-- .et_pb_column --><div class=\"et_pb_column et_pb_column_1_4\">\n\t\t\t<div class=\"et_pb_blurb et_pb_bg_layout_dark et_pb_text_align_left et_pb_blurb_position_left\">\n\t\t\t<div class=\"et_pb_blurb_content\">\n\t\t\t\t<div class=\"et_pb_main_blurb_image\"><span class=\"et-pb-icon et-waypoint et_pb_animation_top et-pb-icon-circle\" style=\"color: #15b0bf; background-color: #ffffff;\">\ue0dd<\/span><\/div>\n\t\t\t\t<h4>SOCIALNA OMRE\u017dJA<\/h4>\n\t\t\t\t\n<p>Na voljo so \u0161tevilne mo\u017enosti integracije socialnih omre\u017eij v va\u0161o spletno stran.<\/p>\n\n\t\t\t<\/div> <!-- .et_pb_blurb_content -->\n\t\t<\/div> <!-- .et_pb_blurb -->\n\t\t<\/div> <!-- .et_pb_column --><div class=\"et_pb_column et_pb_column_1_4\">\n\t\t\t<div class=\"et_pb_blurb et_pb_bg_layout_dark et_pb_text_align_left et_pb_blurb_position_left\">\n\t\t\t<div class=\"et_pb_blurb_content\">\n\t\t\t\t<div class=\"et_pb_main_blurb_image\"><span class=\"et-pb-icon et-waypoint et_pb_animation_top et-pb-icon-circle\" style=\"color: #2c5871; background-color: #ffffff;\">\ue076<\/span><\/div>\n\t\t\t\t<h4>NEWSLETTER<\/h4>\n\t\t\t\t\n<p>Hitra in enostavna integracija najbolj priljubljenih orodij za e-po\u0161tni marketing.<\/p>\n\n\t\t\t<\/div> <!-- .et_pb_blurb_content -->\n\t\t<\/div> <!-- .et_pb_blurb -->\n\t\t<\/div> <!-- .et_pb_column --><div class=\"et_pb_column et_pb_column_1_4\">\n\t\t\t<div class=\"et_pb_blurb et_pb_bg_layout_dark et_pb_text_align_left et_pb_blurb_position_left\">\n\t\t\t<div class=\"et_pb_blurb_content\">\n\t\t\t\t<div class=\"et_pb_main_blurb_image\"><span class=\"et-pb-icon et-waypoint et_pb_animation_top et-pb-icon-circle\" style=\"color: #a1b400; background-color: #ffffff;\">\ue08d<\/span><\/div>\n\t\t\t\t<h4>PORTFOLIJ<\/h4>\n\t\t\t\t\n<p>Profesionalna predstavitev va\u0161ih slik ali referenc na spletu.<\/p>\n\n\t\t\t<\/div> <!-- .et_pb_blurb_content -->\n\t\t<\/div> <!-- .et_pb_blurb -->\n\t\t<\/div> <!-- .et_pb_column -->\n\t\t<\/div> <!-- .et_pb_row --><div class=\"et_pb_row\">\n\t\t\t<div class=\"et_pb_column et_pb_column_1_4\">\n\t\t\t<div class=\"et_pb_blurb et_pb_bg_layout_dark et_pb_text_align_left et_pb_blurb_position_left\">\n\t\t\t<div class=\"et_pb_blurb_content\">\n\t\t\t\t<div class=\"et_pb_main_blurb_image\"><span class=\"et-pb-icon et-waypoint et_pb_animation_top et-pb-icon-circle\" style=\"color: #2c5871; background-color: #ffffff;\">\ue023<\/span><\/div>\n\t\t\t\t<h4>BOOKING<\/h4>\n\t\t\t\t\n<p>Mo\u017enost oddaje rezervacije termina ali nakupa vstopnic.<\/p>\n\n\t\t\t<\/div> <!-- .et_pb_blurb_content -->\n\t\t<\/div> <!-- .et_pb_blurb -->\n\t\t<\/div> <!-- .et_pb_column --><div class=\"et_pb_column et_pb_column_1_4\">\n\t\t\t<div class=\"et_pb_blurb et_pb_bg_layout_dark et_pb_text_align_left et_pb_blurb_position_left\">\n\t\t\t<div class=\"et_pb_blurb_content\">\n\t\t\t\t<div class=\"et_pb_main_blurb_image\"><span class=\"et-pb-icon et-waypoint et_pb_animation_top et-pb-icon-circle\" style=\"color: #fd6120; background-color: #ffffff;\">\ue07a<\/span><\/div>\n\t\t\t\t<h4>SPLETNA TRGOVINA<\/h4>\n\t\t\t\t\n<p>Spletne trgovine in katalogi izdelkov WooCommerce.<\/p>\n\n\t\t\t<\/div> <!-- .et_pb_blurb_content -->\n\t\t<\/div> <!-- .et_pb_blurb -->\n\t\t<\/div> <!-- .et_pb_column --><div class=\"et_pb_column et_pb_column_1_4\">\n\t\t\t<div class=\"et_pb_blurb et_pb_bg_layout_dark et_pb_text_align_left et_pb_blurb_position_left\">\n\t\t\t<div class=\"et_pb_blurb_content\">\n\t\t\t\t<div class=\"et_pb_main_blurb_image\"><span class=\"et-pb-icon et-waypoint et_pb_animation_top et-pb-icon-circle\" style=\"color: #2dacb5; background-color: #ffffff;\">\ue037<\/span><\/div>\n\t\t\t\t<h4>RE\u0160ITVE PO MERI<\/h4>\n\t\t\t\tRazvoj custom funkcionalnosti ter\u00a0tipov\u00a0in prikozav vsebin.\n\t\t\t<\/div> <!-- .et_pb_blurb_content -->\n\t\t<\/div> <!-- .et_pb_blurb -->\n\t\t<\/div> <!-- .et_pb_column --><div class=\"et_pb_column et_pb_column_1_4\">\n\t\t\t<div class=\"et_pb_blurb et_pb_bg_layout_dark et_pb_text_align_left et_pb_blurb_position_left\">\n\t\t\t<div class=\"et_pb_blurb_content\">\n\t\t\t\t<div class=\"et_pb_main_blurb_image\"><span class=\"et-pb-icon et-waypoint et_pb_animation_top et-pb-icon-circle\" style=\"color: #a1b400; background-color: #ffffff;\">\ue086<\/span><\/div>\n\t\t\t\t<h4>IZOBRA\u017dEVANJA<\/h4>\n\t\t\t\t\n<p>Pomo\u010d urednikom\u00a0Wordpress\u00a0strani.<\/p>\n\n\t\t\t<\/div> <!-- .et_pb_blurb_content -->\n\t\t<\/div> <!-- .et_pb_blurb -->\n\t\t<\/div> <!-- .et_pb_column -->\n\t\t<\/div> <!-- .et_pb_row -->\n\t\t\t\n\t\t<\/div> <!-- .et_pb_section --><div class=\"et_pb_section et_section_regular\" style='background-color:#ffffff;'>\n\t\t\t\n\t\t\t\n\t\t\t\t\n\t\t\t\t<div class=\"et_pb_row\">\n\t\t\t<div class=\"et_pb_column et_pb_column_4_4\">\n\t\t\t<div class=\"et_pb_promo et_pb_bg_layout_light et_pb_text_align_center et_pb_no_bg\">\n\t\t\t<div class=\"et_pb_promo_description\">\n\t\t\t\t<h2>Zahtevajte nezavezujo\u010do ponudbo!<\/h2>\n\t\t\t\t\n<p>Vzemite si minutko \u010dasa in izpolnite obrazec ter nam sporo\u010dite va\u0161e \u017eelje. Na va\u0161 e-mail vam bomo poslali <strong>informativni izra\u010dun cene izdelave spletne strani<\/strong>. <strong>Za vsa morebitna vpra\u0161anja smo na voljo\u00a0preko e-maila.<\/strong><\/p>\n\n\t\t\t<\/div>\n\t\t\t<a class=\"et_pb_promo_button\" href=\"http:\/\/splet.co\/?page_id=2\">ZAHTEVAJTE PONUDBO<\/a>\n\t\t<\/div>\n\t\t<\/div> <!-- .et_pb_column -->\n\t\t<\/div> <!-- .et_pb_row -->\n\t\t\t\n\t\t<\/div> <!-- .et_pb_section --><\/p>\n","protected":false},"excerpt":{"rendered":"","protected":false},"author":2,"featured_media":0,"parent":0,"menu_order":0,"comment_status":"open","ping_status":"open","template":"","meta":{"footnotes":""},"class_list":["post-160","page","type-page","status-publish","hentry"],"_links":{"self":[{"href":"http:\/\/splet.co\/index.php?rest_route=\/wp\/v2\/pages\/160","targetHints":{"allow":["GET"]}}],"collection":[{"href":"http:\/\/splet.co\/index.php?rest_route=\/wp\/v2\/pages"}],"about":[{"href":"http:\/\/splet.co\/index.php?rest_route=\/wp\/v2\/types\/page"}],"author":[{"embeddable":true,"href":"http:\/\/splet.co\/index.php?rest_route=\/wp\/v2\/users\/2"}],"replies":[{"embeddable":true,"href":"http:\/\/splet.co\/index.php?rest_route=%2Fwp%2Fv2%2Fcomments&post=160"}],"version-history":[{"count":109,"href":"http:\/\/splet.co\/index.php?rest_route=\/wp\/v2\/pages\/160\/revisions"}],"predecessor-version":[{"id":458,"href":"http:\/\/splet.co\/index.php?rest_route=\/wp\/v2\/pages\/160\/revisions\/458"}],"wp:attachment":[{"href":"http:\/\/splet.co\/index.php?rest_route=%2Fwp%2Fv2%2Fmedia&parent=160"}],"curies":[{"name":"wp","href":"https:\/\/api.w.org\/{rel}","templated":true}]}}